0234707 is divided by 2558676?
3
What is the remainder when 1341632 is divided by 15240?
512
Calculate the remainder when 881728 is divided by 146952.
16
Calculate the remainder when 4083267 is divided by 479.
271
What is the remainder when 15062326 is divided by 1527?
1525
What is the remainder when 143955 is divided by 702?
45
Calculate the remainder when 286314110 is divided by 56.
54
Calculate the remainder when 5462 is divided by 891.
116
Calculate the remainder when 1324151 is divided by 640.
631
What is the remainder when 10730 is divided by 1502?
216
What is the remainder when 17594 is divided by 5605?
779
What is the remainder when 1229480 is divided by 307346?
96
What is the remainder when 12633465 is divided by 3921?
3
What is the remainder when 498564 is divided by 62320?
4
What is the remainder when 11436966 is divided by 15331?
40
Calculate the remainder when 5908398 is divided by 14.
6
What is the remainder when 2191207 is divided by 6053?
21
Calculate the remainder when 4725777 is divided by 474.
471
Calculate the remainder when 27200 is divided by 602.
110
Calculate the remainder when 172389356 is divided by 390.
386
Calculate the remainder when 306049 is divided by 105.
79
What is the remainder when 22812333 is divided by 29?
5
Calculate the remainder when 617876 is divided by 9222.
2
Calculate the remainder when 2307632 is divided by 375.
257
Calculate the remainder when 6329043 is divided by 5235.
5163
What is the remainder when 341329 is divided by 1497?
13
What is the remainder when 92985 is divided by 92195?
790
What is the remainder when 49337 is divided by 265?
47
What is the remainder when 1307588 is divided by 261?
239
What is the remainder when 639698 is divided by 213217?
47
What is the remainder when 123111372 is divided by 284980?
12
What is the remainder when 25557472 is divided by 433177?
29
Calculate the remainder when 97810585 is divided by 32603528.
1
Calculate the remainder when 54356532 is divided by 9992.
52
What is the remainder when 482275 is divided by 6?
1
Calculate the remainder when 195886 is divided by 44.
42
What is the remainder when 52822534 is divided by 13?
11
Calculate the remainder when 172128181 is divided by 4058.
4053
What is the remainder when 1994880 is divided by 3506?
3472
Calculate the remainder when 358440 is divided by 71353.
1675
What is the remainder when 5252 is divided by 1717?
101
What is the remainder when 2407638 is divided by 802542?
12
Calculate the remainder when 3974023 is divided by 132.
31
Calculate the remainder when 76019 is divided by 12472.
1187
What is the remainder when 1593577 is divided by 166?
143
Calculate the remainder when 2016194 is divided by 1506.
1166
What is the remainder when 20629355 is divided by 165?
65
Calculate the remainder when 20450787 is divided by 17.
8
Calculate the remainder when 18928075 is divided by 270.
265
Calculate the remainder when 1258582 is divided by 251714.
12
What is the remainder when 975784 is divided by 65031?
319
Calculate the remainder when 20768769 is divided by 8209.
8208
Calculate the remainder when 104185 is divided by 598.
133
Calculate the remainder when 516885 is divided by 30404.
17
Calculate the remainder when 7489772 is divided by 2496575.
47
What is the remainder when 13151357 is divided by 43?
22
What is the remainder when 2134604 is divided by 187?
186
What is the remainder when 5022112 is divided by 1255528?
0
Calculate the remainder when 2897896 is divided by 202.
4
What is the remainder when 1920063 is divided by 83479?
46
Calculate the remainder when 1482117 is divided by 60.
57
What is the remainder when 736978 is divided by 81884?
22
Calculate the remainder when 1920958 is divided by 736.
734
Calculate the remainder when 6630250 is divided by 565.
540
What is the remainder when 1624185 is divided by 1851?
858
Calculate the remainder when 5334289 is divided by 5927.
5916
What is the remainder when 85458 is divided by 14226?
102
What is the remainder when 520189 is divided by 519785?
404
Calculate the remainder when 500911 is divided by 94.
79
Calculate the remainder when 30011 is divided by 715.
696
Calculate the remainder when 177711 is divided by 44369.
235
Calculate the remainder when 1464017 is divided by 4011.
2
What is the remainder when 24745 is divided by 4933?
80
Calculate the remainder when 24096242 is divided by 239.
23
Calculate the remainder when 1935291 is divided by 1018.
73
Calculate the remainder when 2520520 is divided by 2090.
2070
Calculate the remainder when 154612 is divided by 148209.
6403
Calculate the remainder when 6157983 is divided by 6157980.
3
Calculate the remainder when 54741 is divided by 67.
2
What is the remainder when 815010 is divided by 513?
366
Calculate the remainder when 207034 is divided by 16.
10
What is the remainder when 11557253 is divided by 572?
565
What is the remainder when 149441 is divided by 1954?
937
What is the remainder when 646734 is divided by 9233?
424
Calculate the remainder when 15360136 is divided by 326.
320
What is the remainder when 87852094 is divided by 2752?
2750
What is the remainder when 61257 is divided by 8749?
14
What is the remainder when 43394144 is divided by 21697072?
0
Calculate the remainder when 16628442 is divided by 1393.
201
What is the remainder when 7518229 is divided by 558?
295
What is the remainder when 4126273 is divided by 24?
1
What is the remainder when 29235838 is divided by 97129?
9
Calculate the remainder when 8974995 is divided by 1495832.
3
Calculate the remainder when 677296 is divided by 112882.
4
What is the remainder when 84921 is divided by 28123?
552
What is the remainder when 146774 is divided by 18321?
206
What is the remainder when 928244 is divided by 38511?
3980
What is the remainder when 73321531 is divided by 24440495?
46
What is the remainder when 47799 is divided by 11556?
1575
What is the remainder when 5155661 is divided by 15576?
5
Calculate the remainder when 25331 is divided by 24765.
566
What is the remainder when 76907 is divided by 17712?
6059
Calculate the remainder when 22818 is divided by 644.
278
What is the remainder when 2077870 is divided by 1779?
1777
Calculate the remainder when 1720222 is divided by 26.
10
What is the remainder when 1116916 is divided by 39?
34
What is the remainder when 23099640 is divided by 12876?
96
Calculate the remainder when 162265 is divided by 27.
22
What is the remainder when 759025 is divided by 3617?
3072
Calculate the remainder when 31286823 is divided by 10428941.
0
Calculate the remainder when 9868430 is divided by 119.
117
What is the remainder when 6533262 is divided by 3187?
3099
What is the remainder when 4056957 is divided by 32?
29
What is the remainder when 1792439 is divided by 277?
249
Calculate the remainder when 1177243 is divided by 1161.
1150
Calculate the remainder when 34909211 is divided by 3636.
3611
What is the remainder when 12519497 is divided by 53?
49
Calculate the remainder when 27256415 is divided by 27256411.
4
What is the remainder when 1661026 is divided by 276665?
1036
Calculate the remainder when 394337 is divided by 8390.
7
What is the remainder when 94986 is divided by 47465?
56
Calculate the remainder when 519928 is divided by 228.
88
Calculate the remainder when 163839789 is divided by 16.
13
What is the remainder when 17124796 is divided by 2116?
8
Calculate the remainder when 1324448 is divided by 662039.
370
What is the remainder when 657371 is divided by 17?
15
Calculate the remainder when 2879698 is divided by 12148.
622
What is the remainder when 1208266 is divided by 151009?
194
What is the remainder when 237685 is divided by 2402?
2289
What is the remainder when 2455034 is divided by 59874?
200
Calculate the remainder when 123089 is divided by 7.
1
What is the remainder when 156841 is divided by 2754?
2617
Calculate the remainder when 10659 is divided by 10433.
226
Calculate the remainder when 37876930 is divided by 4.
2
Calculate the remainder when 7036675 is divided by 1759166.
11
What is the remainder when 20834 is divided by 19666?
1168
Calculate the remainder when 745598 is divided by 26623.
154
What is the remainder when 33626317 is divided by 1133?
10
What is the remainder when 222828 is divid